{"id":14846,"date":"2026-02-02T10:09:10","date_gmt":"2026-02-02T10:09:10","guid":{"rendered":"https:\/\/anahtarim.anahtarparti.org\/?page_id=14846"},"modified":"2026-02-06T13:38:45","modified_gmt":"2026-02-06T13:38:45","slug":"istisare-kurulumuz","status":"publish","type":"page","link":"https:\/\/anahtarim.anahtarparti.org\/index.php\/istisare-kurulumuz\/","title":{"rendered":"\u0130sti\u015fare Kurulumuz"},"content":{"rendered":"\t\t<div data-elementor-type=\"wp-page\" data-elementor-id=\"14846\" class=\"elementor elementor-14846\">\n\t\t\t\t<div class=\"elementor-element elementor-element-57111fb e-flex e-con-boxed e-con e-parent\" data-id=\"57111fb\" data-element_type=\"container\">\n\t\t\t\t\t<div class=\"e-con-inner\">\n\t\t\t\t<div class=\"elementor-element elementor-element-2e632cb elementor-widget elementor-widget-heading\" data-id=\"2e632cb\" data-element_type=\"widget\" data-widget_type=\"heading.default\">\n\t\t\t\t\t<h2 class=\"elementor-heading-title elementor-size-default\">\u0130sti\u015fare Kurulumuz<\/h2>\t\t\t\t<\/div>\n\t\t<div class=\"elementor-element elementor-element-73734b7 e-con-full e-flex e-con e-child\" data-id=\"73734b7\" data-element_type=\"container\">\n\t\t\t\t<div class=\"elementor-element elementor-element-1fbc9fc elementor-position-top elementor-widget elementor-widget-image-box\" data-id=\"1fbc9fc\" data-element_type=\"widget\" data-widget_type=\"image-box.default\">\n\t\t\t\t\t<div class=\"elementor-image-box-wrapper\"><figure class=\"elementor-image-box-img\"><img loading=\"lazy\" decoding=\"async\" width=\"350\" height=\"550\" src=\"https:\/\/anahtarim.anahtarparti.org\/wp-content\/uploads\/2026\/02\/WhatsApp-Image-2026-01-28-at-13.26.28.jpeg\" class=\"attachment-full size-full wp-image-14861\" alt=\"\" srcset=\"https:\/\/anahtarim.anahtarparti.org\/wp-content\/uploads\/2026\/02\/WhatsApp-Image-2026-01-28-at-13.26.28.jpeg 350w, https:\/\/anahtarim.anahtarparti.org\/wp-content\/uploads\/2026\/02\/WhatsApp-Image-2026-01-28-at-13.26.28-191x300.jpeg 191w\" sizes=\"auto, (max-width: 350px) 100vw, 350px\" \/><\/figure><div class=\"elementor-image-box-content\"><h3 class=\"elementor-image-box-title\">Mustafa Seyhan Topalo\u011flu<\/h3><p class=\"elementor-image-box-description\">Ziraat M\u00fchendisi<\/p><\/div><\/div>\t\t\t\t<\/div>\n\t\t\t\t<div class=\"elementor-element elementor-element-4572114 elementor-position-top elementor-position-top elementor-widget elementor-widget-image-box\" data-id=\"4572114\" data-element_type=\"widget\" data-widget_type=\"image-box.default\">\n\t\t\t\t\t<div class=\"elementor-image-box-wrapper\"><figure class=\"elementor-image-box-img\"><img loading=\"lazy\" decoding=\"async\" width=\"179\" height=\"282\" src=\"https:\/\/anahtarim.anahtarparti.org\/wp-content\/uploads\/2026\/02\/Unknown.jpeg\" class=\"attachment-full size-full wp-image-14862\" alt=\"\" \/><\/figure><div class=\"elementor-image-box-content\"><h3 class=\"elementor-image-box-title\">Akif Tura\u00e7<\/h3><p class=\"elementor-image-box-description\">\u0130\u015f \u0130nsan\u0131<\/p><\/div><\/div>\t\t\t\t<\/div>\n\t\t\t\t<\/div>\n\t\t<div class=\"elementor-element elementor-element-0f52637 e-con-full e-flex e-con e-child\" data-id=\"0f52637\" data-element_type=\"container\">\n\t\t\t\t<div class=\"elementor-element elementor-element-251dd69 elementor-position-top elementor-widget elementor-widget-image-box\" data-id=\"251dd69\" data-element_type=\"widget\" data-widget_type=\"image-box.default\">\n\t\t\t\t\t<div class=\"elementor-image-box-wrapper\"><figure class=\"elementor-image-box-img\"><img loading=\"lazy\" decoding=\"async\" width=\"350\" height=\"550\" src=\"https:\/\/anahtarim.anahtarparti.org\/wp-content\/uploads\/2026\/02\/WhatsApp-Image-2026-01-27-at-21.17.36.jpeg\" class=\"attachment-full size-full wp-image-14849\" alt=\"\" srcset=\"https:\/\/anahtarim.anahtarparti.org\/wp-content\/uploads\/2026\/02\/WhatsApp-Image-2026-01-27-at-21.17.36.jpeg 350w, https:\/\/anahtarim.anahtarparti.org\/wp-content\/uploads\/2026\/02\/WhatsApp-Image-2026-01-27-at-21.17.36-191x300.jpeg 191w\" sizes=\"auto, (max-width: 350px) 100vw, 350px\" \/><\/figure><div class=\"elementor-image-box-content\"><h3 class=\"elementor-image-box-title\">Nalan O\u011fuz<\/h3><p class=\"elementor-image-box-description\">\u00d6Z O\u011eUZ \u0130N\u015e. TURZ. SAN. T\u0130C. LTD. \u015eT\u0130 Y\u00f6netim Kurulu \u00dcyesi<\/p><\/div><\/div>\t\t\t\t<\/div>\n\t\t\t\t<div class=\"elementor-element elementor-element-36dc93a elementor-position-top elementor-widget elementor-widget-image-box\" data-id=\"36dc93a\" data-element_type=\"widget\" data-widget_type=\"image-box.default\">\n\t\t\t\t\t<div class=\"elementor-image-box-wrapper\"><figure class=\"elementor-image-box-img\"><img loading=\"lazy\" decoding=\"async\" width=\"828\" height=\"1097\" src=\"https:\/\/anahtarim.anahtarparti.org\/wp-content\/uploads\/2026\/02\/WhatsApp-Image-2026-01-27-at-12.24.29.jpeg\" class=\"attachment-full size-full wp-image-14850\" alt=\"\" srcset=\"https:\/\/anahtarim.anahtarparti.org\/wp-content\/uploads\/2026\/02\/WhatsApp-Image-2026-01-27-at-12.24.29.jpeg 828w, https:\/\/anahtarim.anahtarparti.org\/wp-content\/uploads\/2026\/02\/WhatsApp-Image-2026-01-27-at-12.24.29-226x300.jpeg 226w, https:\/\/anahtarim.anahtarparti.org\/wp-content\/uploads\/2026\/02\/WhatsApp-Image-2026-01-27-at-12.24.29-773x1024.jpeg 773w, https:\/\/anahtarim.anahtarparti.org\/wp-content\/uploads\/2026\/02\/WhatsApp-Image-2026-01-27-at-12.24.29-768x1018.jpeg 768w\" sizes=\"auto, (max-width: 828px) 100vw, 828px\" \/><\/figure><div class=\"elementor-image-box-content\"><h3 class=\"elementor-image-box-title\">Faruk Olmu\u015f<\/h3><p class=\"elementor-image-box-description\">Ziraat M\u00fchendisi<\/p><\/div><\/div>\t\t\t\t<\/div>\n\t\t\t\t<\/div>\n\t\t<div class=\"elementor-element elementor-element-9756452 e-con-full e-flex e-con e-child\" data-id=\"9756452\" data-element_type=\"container\">\n\t\t\t\t<div class=\"elementor-element elementor-element-dea9135 elementor-position-top elementor-widget elementor-widget-image-box\" data-id=\"dea9135\" data-element_type=\"widget\" data-widget_type=\"image-box.default\">\n\t\t\t\t\t<div class=\"elementor-image-box-wrapper\"><figure class=\"elementor-image-box-img\"><img loading=\"lazy\" decoding=\"async\" width=\"1824\" height=\"2560\" src=\"https:\/\/anahtarim.anahtarparti.org\/wp-content\/uploads\/2026\/02\/WhatsApp-Image-2026-01-27-at-16.17.03-scaled.jpeg\" class=\"attachment-full size-full wp-image-14851\" alt=\"\" srcset=\"https:\/\/anahtarim.anahtarparti.org\/wp-content\/uploads\/2026\/02\/WhatsApp-Image-2026-01-27-at-16.17.03-scaled.jpeg 1824w, https:\/\/anahtarim.anahtarparti.org\/wp-content\/uploads\/2026\/02\/WhatsApp-Image-2026-01-27-at-16.17.03-214x300.jpeg 214w, https:\/\/anahtarim.anahtarparti.org\/wp-content\/uploads\/2026\/02\/WhatsApp-Image-2026-01-27-at-16.17.03-730x1024.jpeg 730w, https:\/\/anahtarim.anahtarparti.org\/wp-content\/uploads\/2026\/02\/WhatsApp-Image-2026-01-27-at-16.17.03-768x1078.jpeg 768w, https:\/\/anahtarim.anahtarparti.org\/wp-content\/uploads\/2026\/02\/WhatsApp-Image-2026-01-27-at-16.17.03-1095x1536.jpeg 1095w, https:\/\/anahtarim.anahtarparti.org\/wp-content\/uploads\/2026\/02\/WhatsApp-Image-2026-01-27-at-16.17.03-1459x2048.jpeg 1459w\" sizes=\"auto, (max-width: 1824px) 100vw, 1824px\" \/><\/figure><div class=\"elementor-image-box-content\"><h3 class=\"elementor-image-box-title\">Soner Kaya<\/h3><p class=\"elementor-image-box-description\">Veteriner, \u0130\u015f \u0130nsan\u0131<\/p><\/div><\/div>\t\t\t\t<\/div>\n\t\t\t\t<div class=\"elementor-element elementor-element-fc5de61 elementor-position-top elementor-widget elementor-widget-image-box\" data-id=\"fc5de61\" data-element_type=\"widget\" data-widget_type=\"image-box.default\">\n\t\t\t\t\t<div class=\"elementor-image-box-wrapper\"><figure class=\"elementor-image-box-img\"><img loading=\"lazy\" decoding=\"async\" width=\"1200\" height=\"1485\" src=\"https:\/\/anahtarim.anahtarparti.org\/wp-content\/uploads\/2026\/02\/PHOTO-2026-01-27-16-17-03-2.jpg\" class=\"attachment-full size-full wp-image-14852\" alt=\"\" srcset=\"https:\/\/anahtarim.anahtarparti.org\/wp-content\/uploads\/2026\/02\/PHOTO-2026-01-27-16-17-03-2.jpg 1200w, https:\/\/anahtarim.anahtarparti.org\/wp-content\/uploads\/2026\/02\/PHOTO-2026-01-27-16-17-03-2-242x300.jpg 242w, https:\/\/anahtarim.anahtarparti.org\/wp-content\/uploads\/2026\/02\/PHOTO-2026-01-27-16-17-03-2-827x1024.jpg 827w, https:\/\/anahtarim.anahtarparti.org\/wp-content\/uploads\/2026\/02\/PHOTO-2026-01-27-16-17-03-2-768x950.jpg 768w\" sizes=\"auto, (max-width: 1200px) 100vw, 1200px\" \/><\/figure><div class=\"elementor-image-box-content\"><h3 class=\"elementor-image-box-title\">Vahit Kaynar<\/h3><p class=\"elementor-image-box-description\">Trakt\u00f6r ve Tar\u0131m Zirai Aletleri \u0130\u015fletmecili\u011fi, Broiler Tavuk \u00dcretim \u0130\u015fletmecili\u011fi<\/p><\/div><\/div>\t\t\t\t<\/div>\n\t\t\t\t<\/div>\n\t\t<div class=\"elementor-element elementor-element-488894f e-con-full e-flex e-con e-child\" data-id=\"488894f\" data-element_type=\"container\">\n\t\t\t\t<div class=\"elementor-element elementor-element-56848b8 elementor-position-top elementor-widget elementor-widget-image-box\" data-id=\"56848b8\" data-element_type=\"widget\" data-widget_type=\"image-box.default\">\n\t\t\t\t\t<div class=\"elementor-image-box-wrapper\"><figure class=\"elementor-image-box-img\"><img loading=\"lazy\" decoding=\"async\" width=\"1438\" height=\"1439\" src=\"https:\/\/anahtarim.anahtarparti.org\/wp-content\/uploads\/2026\/02\/PHOTO-2026-01-27-21-18-35-1.jpg\" class=\"attachment-full size-full wp-image-14853\" alt=\"\" srcset=\"https:\/\/anahtarim.anahtarparti.org\/wp-content\/uploads\/2026\/02\/PHOTO-2026-01-27-21-18-35-1.jpg 1438w, https:\/\/anahtarim.anahtarparti.org\/wp-content\/uploads\/2026\/02\/PHOTO-2026-01-27-21-18-35-1-300x300.jpg 300w, https:\/\/anahtarim.anahtarparti.org\/wp-content\/uploads\/2026\/02\/PHOTO-2026-01-27-21-18-35-1-1024x1024.jpg 1024w, https:\/\/anahtarim.anahtarparti.org\/wp-content\/uploads\/2026\/02\/PHOTO-2026-01-27-21-18-35-1-150x150.jpg 150w, https:\/\/anahtarim.anahtarparti.org\/wp-content\/uploads\/2026\/02\/PHOTO-2026-01-27-21-18-35-1-768x769.jpg 768w\" sizes=\"auto, (max-width: 1438px) 100vw, 1438px\" \/><\/figure><div class=\"elementor-image-box-content\"><h3 class=\"elementor-image-box-title\">Muammer I\u015f\u0131k<\/h3><p class=\"elementor-image-box-description\">UNICO Tar\u0131m Ltd. \u015eti, Kent Gayrimenkul<\/p><\/div><\/div>\t\t\t\t<\/div>\n\t\t\t\t<div class=\"elementor-element elementor-element-09d66bf elementor-position-top elementor-widget elementor-widget-image-box\" data-id=\"09d66bf\" data-element_type=\"widget\" data-widget_type=\"image-box.default\">\n\t\t\t\t\t<div class=\"elementor-image-box-wrapper\"><figure class=\"elementor-image-box-img\"><img loading=\"lazy\" decoding=\"async\" width=\"1536\" height=\"2048\" src=\"https:\/\/anahtarim.anahtarparti.org\/wp-content\/uploads\/2026\/02\/PHOTO-2026-01-27-16-17-03.jpg\" class=\"attachment-full size-full wp-image-14854\" alt=\"\" srcset=\"https:\/\/anahtarim.anahtarparti.org\/wp-content\/uploads\/2026\/02\/PHOTO-2026-01-27-16-17-03.jpg 1536w, https:\/\/anahtarim.anahtarparti.org\/wp-content\/uploads\/2026\/02\/PHOTO-2026-01-27-16-17-03-225x300.jpg 225w, https:\/\/anahtarim.anahtarparti.org\/wp-content\/uploads\/2026\/02\/PHOTO-2026-01-27-16-17-03-768x1024.jpg 768w, https:\/\/anahtarim.anahtarparti.org\/wp-content\/uploads\/2026\/02\/PHOTO-2026-01-27-16-17-03-1152x1536.jpg 1152w\" sizes=\"auto, (max-width: 1536px) 100vw, 1536px\" \/><\/figure><div class=\"elementor-image-box-content\"><h3 class=\"elementor-image-box-title\">B\u00fclent Ya\u015far<\/h3><p class=\"elementor-image-box-description\">K\u00fc\u00e7\u00fckba\u015f ve B\u00fcy\u00fckba\u015f \u00dcreticisi<\/p><\/div><\/div>\t\t\t\t<\/div>\n\t\t\t\t<\/div>\n\t\t<div class=\"elementor-element elementor-element-43f9289 e-con-full e-flex e-con e-child\" data-id=\"43f9289\" data-element_type=\"container\">\n\t\t\t\t<div class=\"elementor-element elementor-element-07edc47 elementor-position-top elementor-widget elementor-widget-image-box\" data-id=\"07edc47\" data-element_type=\"widget\" data-widget_type=\"image-box.default\">\n\t\t\t\t\t<div class=\"elementor-image-box-wrapper\"><figure class=\"elementor-image-box-img\"><img loading=\"lazy\" decoding=\"async\" width=\"1024\" height=\"1536\" src=\"https:\/\/anahtarim.anahtarparti.org\/wp-content\/uploads\/2026\/02\/PHOTO-2026-01-27-17-49-57.jpg\" class=\"attachment-full size-full wp-image-14855\" alt=\"\" srcset=\"https:\/\/anahtarim.anahtarparti.org\/wp-content\/uploads\/2026\/02\/PHOTO-2026-01-27-17-49-57.jpg 1024w, https:\/\/anahtarim.anahtarparti.org\/wp-content\/uploads\/2026\/02\/PHOTO-2026-01-27-17-49-57-200x300.jpg 200w, https:\/\/anahtarim.anahtarparti.org\/wp-content\/uploads\/2026\/02\/PHOTO-2026-01-27-17-49-57-683x1024.jpg 683w, https:\/\/anahtarim.anahtarparti.org\/wp-content\/uploads\/2026\/02\/PHOTO-2026-01-27-17-49-57-768x1152.jpg 768w\" sizes=\"auto, (max-width: 1024px) 100vw, 1024px\" \/><\/figure><div class=\"elementor-image-box-content\"><h3 class=\"elementor-image-box-title\">Serkan Kazand\u0131<\/h3><p class=\"elementor-image-box-description\">\u0130\u015f \u0130nsan\u0131<\/p><\/div><\/div>\t\t\t\t<\/div>\n\t\t\t\t<div class=\"elementor-element elementor-element-7cee066 elementor-position-top elementor-widget elementor-widget-image-box\" data-id=\"7cee066\" data-element_type=\"widget\" data-widget_type=\"image-box.default\">\n\t\t\t\t\t<div class=\"elementor-image-box-wrapper\"><figure class=\"elementor-image-box-img\"><img loading=\"lazy\" decoding=\"async\" width=\"612\" height=\"792\" src=\"https:\/\/anahtarim.anahtarparti.org\/wp-content\/uploads\/2026\/02\/WhatsApp-Image-2026-01-27-at-17.50.34.jpeg\" class=\"attachment-full size-full wp-image-14856\" alt=\"\" srcset=\"https:\/\/anahtarim.anahtarparti.org\/wp-content\/uploads\/2026\/02\/WhatsApp-Image-2026-01-27-at-17.50.34.jpeg 612w, https:\/\/anahtarim.anahtarparti.org\/wp-content\/uploads\/2026\/02\/WhatsApp-Image-2026-01-27-at-17.50.34-232x300.jpeg 232w\" sizes=\"auto, (max-width: 612px) 100vw, 612px\" \/><\/figure><div class=\"elementor-image-box-content\"><h3 class=\"elementor-image-box-title\">Ufuk Do\u011fan<\/h3><p class=\"elementor-image-box-description\">Maden Y\u00fcksek M\u00fchendisi, \u0130\u015f \u0130nsan\u0131<\/p><\/div><\/div>\t\t\t\t<\/div>\n\t\t\t\t<\/div>\n\t\t<div class=\"elementor-element elementor-element-f85a2bd e-con-full e-flex e-con e-child\" data-id=\"f85a2bd\" data-element_type=\"container\">\n\t\t\t\t<div class=\"elementor-element elementor-element-f934c8c elementor-position-top elementor-widget elementor-widget-image-box\" data-id=\"f934c8c\" data-element_type=\"widget\" data-widget_type=\"image-box.default\">\n\t\t\t\t\t<div class=\"elementor-image-box-wrapper\"><figure class=\"elementor-image-box-img\"><img loading=\"lazy\" decoding=\"async\" width=\"1717\" height=\"2048\" src=\"https:\/\/anahtarim.anahtarparti.org\/wp-content\/uploads\/2026\/02\/PHOTO-2026-01-27-17-51-22.jpg\" class=\"attachment-full size-full wp-image-14857\" alt=\"\" srcset=\"https:\/\/anahtarim.anahtarparti.org\/wp-content\/uploads\/2026\/02\/PHOTO-2026-01-27-17-51-22.jpg 1717w, https:\/\/anahtarim.anahtarparti.org\/wp-content\/uploads\/2026\/02\/PHOTO-2026-01-27-17-51-22-252x300.jpg 252w, https:\/\/anahtarim.anahtarparti.org\/wp-content\/uploads\/2026\/02\/PHOTO-2026-01-27-17-51-22-859x1024.jpg 859w, https:\/\/anahtarim.anahtarparti.org\/wp-content\/uploads\/2026\/02\/PHOTO-2026-01-27-17-51-22-768x916.jpg 768w, https:\/\/anahtarim.anahtarparti.org\/wp-content\/uploads\/2026\/02\/PHOTO-2026-01-27-17-51-22-1288x1536.jpg 1288w\" sizes=\"auto, (max-width: 1717px) 100vw, 1717px\" \/><\/figure><div class=\"elementor-image-box-content\"><h3 class=\"elementor-image-box-title\">Emin Y\u0131ld\u0131z<\/h3><p class=\"elementor-image-box-description\">\u00c7ift\u00e7i, \u015eeker Pancar\u0131 \u00dcreticisi <\/p><\/div><\/div>\t\t\t\t<\/div>\n\t\t\t\t<div class=\"elementor-element elementor-element-4115af8 elementor-position-top elementor-widget elementor-widget-image-box\" data-id=\"4115af8\" data-element_type=\"widget\" data-widget_type=\"image-box.default\">\n\t\t\t\t\t<div class=\"elementor-image-box-wrapper\"><figure class=\"elementor-image-box-img\"><img loading=\"lazy\" decoding=\"async\" width=\"1660\" height=\"2048\" src=\"https:\/\/anahtarim.anahtarparti.org\/wp-content\/uploads\/2026\/02\/PHOTO-2026-01-27-20-53-00.jpg\" class=\"attachment-full size-full wp-image-14858\" alt=\"\" srcset=\"https:\/\/anahtarim.anahtarparti.org\/wp-content\/uploads\/2026\/02\/PHOTO-2026-01-27-20-53-00.jpg 1660w, https:\/\/anahtarim.anahtarparti.org\/wp-content\/uploads\/2026\/02\/PHOTO-2026-01-27-20-53-00-243x300.jpg 243w, https:\/\/anahtarim.anahtarparti.org\/wp-content\/uploads\/2026\/02\/PHOTO-2026-01-27-20-53-00-830x1024.jpg 830w, https:\/\/anahtarim.anahtarparti.org\/wp-content\/uploads\/2026\/02\/PHOTO-2026-01-27-20-53-00-768x948.jpg 768w, https:\/\/anahtarim.anahtarparti.org\/wp-content\/uploads\/2026\/02\/PHOTO-2026-01-27-20-53-00-1245x1536.jpg 1245w\" sizes=\"auto, (max-width: 1660px) 100vw, 1660px\" \/><\/figure><div class=\"elementor-image-box-content\"><h3 class=\"elementor-image-box-title\">\u00d6zcan D\u00fclger<\/h3><p class=\"elementor-image-box-description\">Sat\u0131\u015f Y\u00f6neticisi, Y\u00f6netim ve E\u011fitim Dan\u0131\u015fman\u0131, Serbest E\u011fitimci<\/p><\/div><\/div>\t\t\t\t<\/div>\n\t\t\t\t<\/div>\n\t\t<div class=\"elementor-element elementor-element-2284454 e-con-full e-flex e-con e-child\" data-id=\"2284454\" data-element_type=\"container\">\n\t\t\t\t<div class=\"elementor-element elementor-element-727c387 elementor-position-top elementor-widget elementor-widget-image-box\" data-id=\"727c387\" data-element_type=\"widget\" data-widget_type=\"image-box.default\">\n\t\t\t\t\t<div class=\"elementor-image-box-wrapper\"><figure class=\"elementor-image-box-img\"><img loading=\"lazy\" decoding=\"async\" width=\"1699\" height=\"2048\" src=\"https:\/\/anahtarim.anahtarparti.org\/wp-content\/uploads\/2026\/02\/PHOTO-2026-01-28-10-18-10.jpg\" class=\"attachment-full size-full wp-image-14859\" alt=\"\" srcset=\"https:\/\/anahtarim.anahtarparti.org\/wp-content\/uploads\/2026\/02\/PHOTO-2026-01-28-10-18-10.jpg 1699w, https:\/\/anahtarim.anahtarparti.org\/wp-content\/uploads\/2026\/02\/PHOTO-2026-01-28-10-18-10-249x300.jpg 249w, https:\/\/anahtarim.anahtarparti.org\/wp-content\/uploads\/2026\/02\/PHOTO-2026-01-28-10-18-10-850x1024.jpg 850w, https:\/\/anahtarim.anahtarparti.org\/wp-content\/uploads\/2026\/02\/PHOTO-2026-01-28-10-18-10-768x926.jpg 768w, https:\/\/anahtarim.anahtarparti.org\/wp-content\/uploads\/2026\/02\/PHOTO-2026-01-28-10-18-10-1274x1536.jpg 1274w\" sizes=\"auto, (max-width: 1699px) 100vw, 1699px\" \/><\/figure><div class=\"elementor-image-box-content\"><h3 class=\"elementor-image-box-title\">Mesut Erhan<\/h3><p class=\"elementor-image-box-description\">Ziraat M\u00fchendisi<\/p><\/div><\/div>\t\t\t\t<\/div>\n\t\t\t\t<div class=\"elementor-element elementor-element-75fac15 elementor-position-top elementor-widget elementor-widget-image-box\" data-id=\"75fac15\" data-element_type=\"widget\" data-widget_type=\"image-box.default\">\n\t\t\t\t\t<div class=\"elementor-image-box-wrapper\"><figure class=\"elementor-image-box-img\"><img loading=\"lazy\" decoding=\"async\" width=\"614\" height=\"874\" src=\"https:\/\/anahtarim.anahtarparti.org\/wp-content\/uploads\/2026\/02\/Ekran-Resmi-2026-01-28-13.27.46.png\" class=\"attachment-full size-full wp-image-14860\" alt=\"\" srcset=\"https:\/\/anahtarim.anahtarparti.org\/wp-content\/uploads\/2026\/02\/Ekran-Resmi-2026-01-28-13.27.46.png 614w, https:\/\/anahtarim.anahtarparti.org\/wp-content\/uploads\/2026\/02\/Ekran-Resmi-2026-01-28-13.27.46-211x300.png 211w\" sizes=\"auto, (max-width: 614px) 100vw, 614px\" \/><\/figure><div class=\"elementor-image-box-content\"><h3 class=\"elementor-image-box-title\">Orhan Duran<\/h3><p class=\"elementor-image-box-description\">\u00dcst D\u00fczey Y\u00f6netici<\/p><\/div><\/div>\t\t\t\t<\/div>\n\t\t\t\t<\/div>\n\t\t\t\t<div class=\"elementor-element elementor-element-0a2927d elementor-widget elementor-widget-html\" data-id=\"0a2927d\" data-element_type=\"widget\" data-widget_type=\"html.default\">\n\t\t\t\t\t<style>\n@media (min-width: 1024px)\n{\n    \/* Resimlerin bulundu\u011fu kapsay\u0131c\u0131y\u0131 sabitliyoruz *\/\n.elementor-image-box-wrapper {\n    display: flex !important;\n    flex-direction: column !important;\n}\n\n\/* RES\u0130MLER\u0130 BURADAN SAB\u0130TLEY\u0130N *\/\n.elementor-image-box-wrapper .elementor-image-box-img img {\n    width: 280px !important;  \/* GEN\u0130\u015eL\u0130K: Hepsi bu geni\u015flikte olacak *\/\n    height: 380px !important; \/* Y\u00dcKSEKL\u0130K: Hepsi bu y\u00fckseklikte olacak *\/\n    min-width: 280px !important;\n    min-height: 380px !important;\n    object-fit: cover !important; \/* Resmin oran\u0131n\u0131 korur, bo\u015fluk b\u0131rakmaz *\/\n    object-position: center top !important;\n}\n\n.elementor-widget-image-box {\n    width: 280px !important;\n    max-width: 280px !important;\n    margin-left: auto !important;  \/* Sa\u011fdan ve soldan otomatik bo\u015fluk *\/\n    margin-right: auto !important; \/* Bu ikisi kutuyu ortalar *\/\n}\n\/* Sat\u0131r i\u00e7indeki esnemeleri durdur *\/\n.e-con.e-child {\n    flex-basis: auto !important;\n    flex-grow: 0 !important;\n}\n}\n\n@media (max-width: 1023px) {\n    .elementor-image-box-wrapper .elementor-image-box-img img {\n\n    min-height: 120px;\n    min-width: 80px;\n\n\n}\n}\n<\/style>\t\t\t\t<\/div>\n\t\t\t\t\t<\/div>\n\t\t\t\t<\/div>\n\t\t\t\t<\/div>\n\t\t","protected":false},"excerpt":{"rendered":"<p>\u0130sti\u015fare Kurulumuz Mustafa Seyhan Topalo\u011flu Ziraat M\u00fchendisi Akif Tura\u00e7 \u0130\u015f \u0130nsan\u0131 Nalan O\u011fuz \u00d6Z O\u011eUZ \u0130N\u015e. TURZ. SAN. T\u0130C. LTD. \u015eT\u0130 Y\u00f6netim Kurulu \u00dcyesi Faruk Olmu\u015f Ziraat M\u00fchendisi Soner Kaya Veteriner, \u0130\u015f \u0130nsan\u0131 Vahit Kaynar Trakt\u00f6r ve Tar\u0131m Zirai Aletleri \u0130\u015fletmecili\u011fi, Broiler Tavuk \u00dcretim \u0130\u015fletmecili\u011fi Muammer I\u015f\u0131k UNICO Tar\u0131m Ltd. \u015eti, Kent Gayrimenkul B\u00fclent Ya\u015far [&hellip;]<\/p>\n","protected":false},"author":1,"featured_media":0,"parent":0,"menu_order":0,"comment_status":"closed","ping_status":"closed","template":"","meta":{"footnotes":""},"class_list":["post-14846","page","type-page","status-publish","hentry"],"_links":{"self":[{"href":"https:\/\/anahtarim.anahtarparti.org\/index.php\/wp-json\/wp\/v2\/pages\/14846","targetHints":{"allow":["GET"]}}],"collection":[{"href":"https:\/\/anahtarim.anahtarparti.org\/index.php\/wp-json\/wp\/v2\/pages"}],"about":[{"href":"https:\/\/anahtarim.anahtarparti.org\/index.php\/wp-json\/wp\/v2\/types\/page"}],"author":[{"embeddable":true,"href":"https:\/\/anahtarim.anahtarparti.org\/index.php\/wp-json\/wp\/v2\/users\/1"}],"replies":[{"embeddable":true,"href":"https:\/\/anahtarim.anahtarparti.org\/index.php\/wp-json\/wp\/v2\/comments?post=14846"}],"version-history":[{"count":13,"href":"https:\/\/anahtarim.anahtarparti.org\/index.php\/wp-json\/wp\/v2\/pages\/14846\/revisions"}],"predecessor-version":[{"id":14933,"href":"https:\/\/anahtarim.anahtarparti.org\/index.php\/wp-json\/wp\/v2\/pages\/14846\/revisions\/14933"}],"wp:attachment":[{"href":"https:\/\/anahtarim.anahtarparti.org\/index.php\/wp-json\/wp\/v2\/media?parent=14846"}],"curies":[{"name":"wp","href":"https:\/\/api.w.org\/{rel}","templated":true}]}}